er when 118 is divided by 7?
6
What is the remainder when 8321 is divided by 15?
11
Calculate the remainder when 378 is divided by 110.
48
Calculate the remainder when 1560 is divided by 30.
0
What is the remainder when 184 is divided by 16?
8
Calculate the remainder when 723 is divided by 142.
13
Calculate the remainder when 108 is divided by 99.
9
Calculate the remainder when 2551 is divided by 69.
67
Calculate the remainder when 2682 is divided by 193.
173
What is the remainder when 103 is divided by 22?
15
What is the remainder when 151 is divided by 127?
24
Calculate the remainder when 376 is divided by 130.
116
What is the remainder when 128 is divided by 24?
8
Calculate the remainder when 7607 is divided by 43.
39
Calculate the remainder when 352 is divided by 151.
50
What is the remainder when 1988 is divided by 3?
2
What is the remainder when 366 is divided by 163?
40
Calculate the remainder when 37693 is divided by 359.
357
Calculate the remainder when 811 is divided by 24.
19
What is the remainder when 663 is divided by 37?
34
Calculate the remainder when 265 is divided by 122.
21
Calculate the remainder when 1143 is divided by 167.
141
Calculate the remainder when 13887 is divided by 19.
17
Calculate the remainder when 923 is divided by 42.
41
Calculate the remainder when 59 is divided by 6.
5
What is the remainder when 73 is divided by 13?
8
Calculate the remainder when 104 is divided by 29.
17
What is the remainder when 797 is divided by 327?
143
What is the remainder when 375 is divided by 122?
9
What is the remainder when 333 is divided by 85?
78
What is the remainder when 109 is divided by 44?
21
What is the remainder when 561 is divided by 12?
9
Calculate the remainder when 87 is divided by 24.
15
Calculate the remainder when 2665 is divided by 4.
1
Calculate the remainder when 125 is divided by 57.
11
Calculate the remainder when 154 is divided by 49.
7
What is the remainder when 167 is divided by 34?
31
Calculate the remainder when 19331 is divided by 24.
11
What is the remainder when 266 is divided by 15?
11
What is the remainder when 1399 is divided by 25?
24
Calculate the remainder when 158 is divided by 44.
26
Calculate the remainder when 43 is divided by 7.
1
Calculate the remainder when 109 is divided by 65.
44
What is the remainder when 4299 is divided by 16?
11
Calculate the remainder when 58 is divided by 16.
10
What is the remainder when 95 is divided by 48?
47
Calculate the remainder when 8353 is divided by 19.
12
Calculate the remainder when 9469 is divided by 64.
61
What is the remainder when 71 is divided by 12?
11
Calculate the remainder when 98 is divided by 43.
12
Calculate the remainder when 7156 is divided by 21.
16
What is the remainder when 175 is divided by 11?
10
Calculate the remainder when 230 is divided by 22.
10
What is the remainder when 511 is divided by 32?
31
Calculate the remainder when 2523 is divided by 1239.
45
What is the remainder when 479 is divided by 291?
188
Calculate the remainder when 611 is divided by 148.
19
What is the remainder when 2761 is divided by 172?
9
What is the remainder when 463 is divided by 47?
40
Calculate the remainder when 705 is divided by 197.
114
Calculate the remainder when 1739 is divided by 75.
14
Calculate the remainder when 324 is divided by 171.
153
What is the remainder when 7383 is divided by 16?
7
What is the remainder when 94 is divided by 4?
2
What is the remainder when 210 is divided by 39?
15
Calculate the remainder when 81 is divided by 6.
3
What is the remainder when 383 is divided by 79?
67
What is the remainder when 271 is divided by 1?
0
What is the remainder when 381 is divided by 157?
67
Calculate the remainder when 70 is divided by 18.
16
What is the remainder when 153 is divided by 20?
13
What is the remainder when 10555 is divided by 80?
75
Calculate the remainder when 21 is divided by 7.
0
Calculate the remainder when 268 is divided by 46.
38
Calculate the remainder when 2110 is divided by 298.
24
What is the remainder when 6218 is divided by 9?
8
What is the remainder when 9070 is divided by 27?
25
What is the remainder when 1735 is divided by 9?
7
What is the remainder when 121 is divided by 66?
55
Calculate the remainder when 1131 is divided by 16.
11
Calculate the remainder when 60 is divided by 18.
6
What is the remainder when 394 is divided by 19?
14
Calculate the remainder when 1299 is divided by 163.
158
Calculate the remainder when 1442 is divided by 1439.
3
Calculate the remainder when 102 is divided by 27.
21
Calculate the remainder when 2261 is divided by 225.
11
What is the remainder when 526 is divided by 16?
14
What is the remainder when 1577 is divided by 10?
7
Calculate the remainder when 153 is divided by 48.
9
What is the remainder when 677 is divided by 85?
82
What is the remainder when 556 is divided by 56?
52
What is the remainder when 204 is divided by 52?
48
What is the remainder when 2935 is divided by 2918?
17
What is the remainder when 2009 is divided by 67?
66
What is the remainder when 975 is divided by 939?
36
What is the remainder when 101 is divided by 15?
11
Calculate the remainder when 506 is divided by 34.
30
Calculate the remainder when 365 is divided by 31.
24
What is the remainder when 251 is divided by 78?
17
Calculate the remainder when 2639 is divided by 1318.
3
Calculate the remainder when 33 is divided by 12.
9
What is the remainder when 76 is divided by 23?
7
What is the remainder when 579 is divided by 169?
72
What is the remainder when 18956 is divided by 267?
266
What is the remainder when 1193 is divided by 43?
32
Calculate the remainder when 106 is divided by 25.
6
What is the remainder when 99 is divided by 50?
49
Calculate the remainder when 463 is divided by 26.
21
What is the remainder when 53 is divided by 21?
11
Calculate the remainder when 25407 is divided by 16.
15
What is the remainder when 67 is divided by 29?
9
Calculate the remainder when 1590 is divided by 8.
6
Calculate the remainder when 883 is divided by 198.
91
Calculate the remainder when 730 is divided by 70.
30
Calculate the remainder when 4933 is divided by 141.
139
Calculate the remainder when 177 is divided by 57.
6
What is the remainder when 774 is divided by 364?
46
What is the remainder when 214 is divided by 28?
18
What is the remainder when 681 is divided by 274?
133
What is the remainder when 63 is divided by 2?
1
Calculate the remainder when 790 is divided by 44.
42
Calculate the remainder when 185 is divided by 17.
15
Calculate the remainder when 558 is divided by 116.
94
What is the remainder when 928 is divided by 450?
28
Calculate the remainder when 1887 is divided by 30.
27
Calculate the remainder when 178 is divided by 6.
4
What is the remainder when 26394 is divided by 5278?
4
What is the remainder when 109 is divided by 30?
19
What is the remainder when 402 is divided by 21?
3
What is the remainder when 1669 is divided by 22?
19
Calculate the remainder when 383 is divided by 32.
31
Calculate the remainder when 164 is divided by 31.
9
What is the remainder when 26 is divided by 5?
1
What is the remainder when 5336 is divided by 28?
16
What is the remainder when 196 is divided by 35?
21
What is the remainder when 730 is divided by 19?
8
Calculate the remainder when 6233 is divided by 43.
41
What is the remainder when 312 is divided by 63?
60
What is the remainder when 3324 is divided by 11?
2
Calculate the remainder when 2076 is divided by 9.
6
What is the remainder when 54 is divided by 19?
16
Calculate the remainder when 1022 is divided by 2.
0
Calculate the remainder when 318 is divided by 20.
18
Calculate the remainder when 415 is divided by 105.
100
What is the remainder when 3462 is divided by 7?
4
Calculate the remainder when 2149 is divided by 22.
15
Calculate the remainder when 249 is divided by 12.
9
What is the remainder when 1070 is divided by 152?
6
What is the remainder when 1086 is divided by 345?
51
Calculate the remainder when 1363 is divided by 55.
43
Calculate the remainder when 1136 is divided by 556.
24
What is the remainder when 200 is divided by 70?
60
Calculate the remainder when 20805 is divided by 102.
99
Calculate the remainder when 169 is divided by 22.
15
What is the re